 of 233345553?
5
What is the millions digit of 840657187?
0
What is the units digit of 32504610?
0
What is the ten thousands digit of 23450163?
5
What is the thousands digit of 3934746319?
6
What is the ten thousands digit of 6386991256?
9
What is the hundreds digit of 59685150?
1
What is the thousands digit of 130046974?
6
What is the millions digit of 159658635?
9
What is the ten thousands digit of 347851552?
5
What is the millions digit of 60664554?
0
What is the ten thousands digit of 860431?
6
What is the tens digit of 96514768?
6
What is the billions digit of 1610660855?
1
What is the thousands digit of 611463733?
3
What is the hundred thousands digit of 92879578?
8
What is the ten thousands digit of 1783822599?
2
What is the millions digit of 33735323?
3
What is the ten thousands digit of 1310321367?
2
What is the units digit of 21884263?
3
What is the hundreds digit of 3764644509?
5
What is the ten millions digit of 349780078?
4
What is the billions digit of 1160942572?
1
What is the units digit of 103380660?
0
What is the hundreds digit of 110554429?
4
What is the hundred thousands digit of 1303311282?
3
What is the thousands digit of 192379300?
9
What is the billions digit of 5666573182?
5
What is the hundreds digit of 124874366?
3
What is the millions digit of 168202814?
8
What is the thousands digit of 153360049?
0
What is the units digit of 51178126?
6
What is the ten thousands digit of 2950736575?
3
What is the hundreds digit of 59829384?
3
What is the units digit of 46959737?
7
What is the tens digit of 77810350?
5
What is the ten millions digit of 331641790?
3
What is the thousands digit of 42293333?
3
What is the tens digit of 197560208?
0
What is the units digit of 40872860?
0
What is the units digit of 511089248?
8
What is the thousands digit of 3974270314?
0
What is the ten thousands digit of 94422269?
2
What is the units digit of 343872539?
9
What is the millions digit of 714740257?
4
What is the hundred millions digit of 846113703?
8
What is the units digit of 63959294?
4
What is the ten thousands digit of 87666366?
6
What is the hundreds digit of 98462672?
6
What is the units digit of 600482663?
3
What is the units digit of 48508257?
7
What is the millions digit of 2241672313?
1
What is the ten millions digit of 147467058?
4
What is the units digit of 275438309?
9
What is the hundred millions digit of 1530175358?
5
What is the tens digit of 220166975?
7
What is the ten thousands digit of 300210007?
1
What is the hundred thousands digit of 100335384?
3
What is the hundred thousands digit of 28198279?
1
What is the hundred millions digit of 420472370?
4
What is the hundred thousands digit of 24426561?
4
What is the hundreds digit of 32907349?
3
What is the tens digit of 23344331?
3
What is the hundred thousands digit of 770441367?
4
What is the millions digit of 35188725?
5
What is the ten thousands digit of 102409343?
0
What is the tens digit of 25160334?
3
What is the hundreds digit of 7451391?
3
What is the units digit of 74667337?
7
What is the tens digit of 8778099?
9
What is the units digit of 262504497?
7
What is the ten thousands digit of 167586832?
8
What is the tens digit of 371246470?
7
What is the units digit of 96195102?
2
What is the tens digit of 60260590?
9
What is the tens digit of 66097373?
7
What is the hundred thousands digit of 40822127?
8
What is the hundred millions digit of 1243237435?
2
What is the hundred thousands digit of 100648965?
6
What is the hundreds digit of 323575147?
1
What is the hundred thousands digit of 1551918220?
9
What is the hundreds digit of 15355893?
8
What is the units digit of 295116565?
5
What is the hundreds digit of 546823500?
5
What is the units digit of 2157706818?
8
What is the ten thousands digit of 619926591?
2
What is the thousands digit of 62798208?
8
What is the ten millions digit of 6317262850?
1
What is the hundred millions digit of 293258121?
2
What is the ten millions digit of 940844177?
4
What is the hundred thousands digit of 396014250?
0
What is the tens digit of 2774309726?
2
What is the thousands digit of 392200189?
0
What is the hundred millions digit of 979637374?
9
What is the millions digit of 2637165?
2
What is the units digit of 1504327721?
1
What is the ten millions digit of 381409935?
8
What is the thousands digit of 396324111?
4
What is the thousands digit of 250311614?
1
What is the ten millions digit of 101495109?
0
What is the units digit of 8124932?
2
What is the ten thousands digit of 12943330?
4
What is the ten thousands digit of 843212064?
1
What is the units digit of 388865937?
7
What is the ten thousands digit of 41805221?
0
What is the ten millions digit of 2955070621?
5
What is the hundred millions digit of 231488999?
2
What is the units digit of 423764238?
8
What is the tens digit of 2653434911?
1
What is the thousands digit of 691885594?
5
What is the units digit of 145003285?
5
What is the millions digit of 136965630?
6
What is the tens digit of 97273675?
7
What is the hundreds digit of 90663635?
6
What is the hundred thousands digit of 113688826?
6
What is the hundred thousands digit of 24347346?
3
What is the millions digit of 6906829438?
6
What is the ten millions digit of 888688538?
8
What is the hundreds digit of 5156351?
3
What is the tens digit of 362075929?
2
What is the units digit of 8136548065?
5
What is the thousands digit of 5561980?
1
What is the ten thousands digit of 60396672?
9
What is the hundred millions digit of 832701360?
8
What is the hundred thousands digit of 78924096?
9
What is the units digit of 53566578?
8
What is the thousands digit of 5724092135?
2
What is the ten millions digit of 159875476?
5
What is the ten thousands digit of 299775571?
7
What is the tens digit of 286858920?
2
What is the hundreds digit of 246552762?
7
What is the millions digit of 49429981?
9
What is the thousands digit of 2898649181?
9
What is the hundreds digit of 52874191?
1
What is the thousands digit of 447137441?
7
What is the units digit of 214128309?
9
What is the units digit of 19616619?
9
What is the hundred millions digit of 156138772?
1
What is the tens digit of 277168553?
5
What is the thousands digit of 602623726?
3
What is the ten thousands digit of 3724534304?
3
What is the hundreds digit of 681254232?
2
What is the hundreds digit of 1014200127?
1
What is the hundred thousands digit of 247588870?
5
What is the hundred millions digit of 1168868523?
1
What is the hundred thousands digit of 155652785?
6
What is the ten thousands digit of 371547357?
4
What is the ten millions digit of 276056968?
7
What is the ten millions digit of 2367706228?
6
What is the ten millions digit of 435244380?
3
What is the hundreds digit of 18768842?
8
What is the hundred millions digit of 509757554?
5
What is the thousands digit of 80729494?
9
What is the hundreds digit of 1078509668?
6
What is the hundred thousands digit of 30753741?
7
What is the millions digit of 382598665?
2
What is the ten millions digit of 363746865?
6
What is the ten thousands digit of 5336926424?
2
What is the hundreds digit of 1307446803?
8
What is the units digit of 3101701114?
4
What is the ten thousands digit of 25777993?
7
What is the hundred millions digit of 163333983?
1
What is the ten thousands digit of 74259402?
5
What is the hundreds digit of 10219541?
5
What is the thousands digit of 1457669829?
9
What is the hundreds digit of 439587349?
3
What is the hundred thousands digit of 3368605860?
6
What is the ten millions digit of 55299322?
5
What is the millions digit of 3522738516?
2
What is the ten millions digit of 289254434?
8
What is the units digit of 1430759788?
8
What is the units digit of 680325683?
3
What is the hundred thousands digit of 561184972?
1
What is the hundred thousands digit of 366469475?
4
What is the tens digit of 366581902?
0
What is the ten millions digit of 23360008?
2
What is the units digit of 1523817014?
4
What is the units digit of 75278940?
0
What is the thousands digit of 180593766?
3
What is the hundred millions digit of 552980601?
5
What is the thousands digit of 39690555?
0
What is the hundred millions digit of 539802248?
5
What is the hundred thousands digit of 74243611?
2
What is the thousands digit of 360862521?
2
Wha